23 - (-19 + -4) - 20).
12
Calculate 42 + -76 + 10 - (4 + -63).
35
(2 - (0 - 73)) + (-417 - -403)
61
-22 + 35 + -17 + 6 + -6 + 8
4
What is -495 + 497 - (-19 + -1) - 8?
14
What is (36 - 54) + 49 + -23 + (0 - 0)?
8
Calculate -7 + 28 + -9 - (-28 + 36).
4
6 - ((3 - 9) + (-165 - -178))
-1
Calculate 43 + -16 - (0 + -7 - 6 - 0).
40
What is (136 - 263 - -107) + -100?
-120
Calculate 21 + 3 - (196 - 166) - (5 - (2 - 3)).
-12
Calculate (-2 - (-4 - (-11 - -1))) + -17 + 52.
27
28 - 24 - 41 - -57
20
What is the value of 43 - (-14 + (70 - 84) + -3 + 35)?
39
Calculate 70 - ((-24 + 51 - 19) + 10).
52
-28 + (29 + -43 + -21 - -68)
5
Evaluate 29 + -71 + (-79 - -111).
-10
-13 - (-24 + 0 + 0 + (219 - 216))
8
Calculate 1 - (-12 + -1 - ((24 - 2) + (-76 - -165))).
125
What is the value of (-22 - (-12 + -6)) + -13 - (-2 + 0 - -14)?
-29
Calculate 363 - 292 - (160 + 5).
-94
What is (60 + -9 + (11 + -1 - 12) - 7) + -3?
39
-21 + -3 + -141 + 137 - -17
-11
Calculate -41 - (10 + (12 - 9) + 6 + -22).
-38
(-18 - (59 - 8)) + 33
-36
-1 + -14 + 10 + 3 + (6 - 5) + -16
-17
What is (-25 - (-43 - -35) - -13) + (-35 - 0)?
-39
What is the value of -20 + 19 + (3 - (-2 - -4)) + 46 + 36?
82
What is 5 - -59 - 27 - 21 - -3?
19
-172 + 144 - (2 - 0)
-30
What is the value of -20 + (16 - (20 + -5)) - (-10 - 0)?
-9
Calculate (6 - 0) + -30 + (9 - -25) + -26.
-16
Evaluate -5 + -44 + 11 - -40.
2
Calculate (-16 - -11) + (-2 - -9 - 10) - -2.
-6
Calculate (-4 - -57) + (-3 - 36) - -89.
103
11 + 40 + (-6 - -2) + 80 + -56
71
What is the value of -1 + 31 + -38 + (-19 - (19 - 62))?
16
What is the value of 0 - ((53 - (-53 - -105)) + 1 + (-22 - 2))?
22
Evaluate (1 - (-10 - (3 + (-24 - -6)))) + 20.
16
Calculate -6 + 11 - (-139 + 119 + (22 - 1)).
4
Calculate 33 - 3 - 55 - (13 - 24).
-14
What is -16 + 24 + -1 + -5 - 5 - 11?
-14
Calculate -130 - (121 + -154 + -199).
102
Calculate -3 - (-21 + 6 + (3 - -5) + -14).
18
What is the value of (11 - 31) + 8 + (-73 - 16)?
-101
Evaluate -72 + (37 - (28 - 19)).
-44
Calculate 13720 + -13732 - (0 + 0 - (-50 - -2) - 2).
-58
-1 - (0 - 71) - (6820 - 6801)
51
What is (11 + 0 - ((14 - 4) + 4)) + (2 - 0)?
-1
-39 + -43 + 30 + (-2 - 15) - 5
-74
What is (4 - 26) + 128 + -142 - (-3 + 4 - 2)?
-35
What is 1776 - 1793 - (0 - 0 - -2)?
-19
Calculate -3 + 10 + 16 + (-10 - -11 - 11).
13
What is the value of -137 + 201 + -191 - (0 - 38)?
-89
-3 + 15 + -60 + -4 - (-8 - -10) - -16
-38
What is (13 - 1) + (17 + -30 - -15) + -27?
-13
What is (-3 + -14 - 8) + 39 - -24?
38
What is the value of -12 - ((3 - (-6 + 4 - -13)) + 10)?
-14
What is the value of (28 - 75) + (-8 - -86)?
31
Calculate -6 + (-7 - -112) - (-10 + 25 + 6).
78
What is -7 + -4 + -9 - (-105 + -13 - -32)?
66
Evaluate 14 - (2 + (40 - 24) - (-2 - -16)).
10
Calculate 8 + (-33 - -1) + (-88 - -71).
-41
What is the value of -11 + (4 - 0) + (-24 - (-9 + -3)) + 16?
-3
Calculate (-36 - -29) + (1 - 23) + (7 + -7 - -6).
-23
What is (32 - (62 - -18)) + (4 + 8 + -6 - -2)?
-40
What is 13 + -267 + 242 + -11 + 2?
-21
What is -90 + 67 + 71 + -56?
-8
What is the value of 47 - -36 - 76 - (-92 + (0 - -3))?
96
What is 2 + (13 - 5) + -1 - (-244 + 225)?
28
Calculate -15 - -1 - (-17 + (29 - 12) - 11).
-3
Calculate (-77 - (89 + -189)) + (3 - -2).
28
What is (-82 - 0) + -7 + -73 + 85 - 4?
-81
Calculate 14 + -83 - (-42 + 30 - (-17 + 0)).
-74
What is the value of -58 - (-33 + 7 + 16 - 17)?
-31
90 + (17 - (94 + 33))
-20
8 + -6 - (14 + (48 + -25 - 23))
-12
Evaluate (5 + 8 - -2) + (314 - 352).
-23
What is -32 + 37 + (1 - (2 - (-89 + 7 + -4)))?
-82
Calculate 10 + (9 - -50) + -41.
28
-63 + (0 - 21 - -12 - -19) + 1 + -1
-53
What is the value of (19 + 17 - -15 - 34) + (1 - 8)?
10
Calculate 3 - (33 + -18 + -5 - 26).
19
What is the value of -4 + (39 - (47 + -14))?
2
Evaluate (-5 - ((-7 + 0 - -70) + -13 + 8)) + -6.
-69
What is (-121 - -90) + 37 + 3 + -78?
-69
Evaluate (-9 - (-48 + -45 + 29)) + -16 + 1.
40
Evaluate 50 + -12 + 3 + -3.
38
Calculate -33 - (-48 - (-27 + -22)).
-34
What is the value of 98 - (58 - (95 + -19))?
116
What is the value of (81 - (5 - -42)) + -33?
1
Evaluate (7561 - 7550 - (-1 - (-132 + 2))) + 15.
-103
What is the value of 64 + (-13 - (-24 + 27 + (-32 - -16)))?
64
What is the value of -20 + (-97 - (5 - 8 - 2) - 5)?
-117
What is 17 - (10 + -2 + 17) - (-5 + -55)?
52
130 + (134 - 163) - ((-1 - 2) + 1 + 12)
91
-52 + (-55 - (52 - 113) - (-2 + 21))
-65
78 - 56 - 2 - -1
21
What is the value of -36 + (-42 - -42) + -3?
-39
What is 8 + 32 + -40 + (2 - 0) + (64 - 4)?
62
What is (226 - 296) + 14 + 1 - (-11 + -3)?
-41
2 - 0 - 14 - -5 - (32 + -57 + 16)
2
144 + (-51 - -20 - 67)
46
What is the value of (9 - (-2 + 7)) + 8 - (-4 - (5 - 15))?
6
Calculate -59 + (58 - 64 - -54).
-11
(19 - -3) + (-15 - 24) - -70
53
Evaluate 13 + -4 - (100 - ((-2 + 8 - 14) + 11)).
-88
What is -7 + (-15 - -15) + -124 - (6 - (-4 - -18))?
-123
Calculate 28 - (39 + 18) - -73.
44
Evaluate 26 - (43 - (-1 + -13)).
-31
What is -34 - (-3 + (-1543 - -1560 - (10 + -1 - 0)))?
-39
Calculate (-1 - -8) + -15 + 1 - (-40 + -3 + 4).
32
72 + -29 + -14 + -33
-4
Evaluate -95 + (-55 - -77) - -24.
-49
What is -41 + -11 + 4 - (-7 + (5 - -1))?
-47
What is the value of (-12 - -1) + (-151 - (171 + -345))?
12
Evaluate 8 + (-14 - 8) + 22 - -42.
50
Calculate -15 - (-20 + -30 + (-5 - (2 + -6))).
36
What is the value of -32 + (-30 - -24) + (3 - 0 - (-8 + 1))?
-28
(-7 - 40) + (13 - ((0 - -10) + -12))
-32
(8 - 1 - (-21 - -25)) + (-244 - -283)
42
What is (291 - 299) + (-95 - (3 - 19))?
-87
What is the value of (-19 + 13 - (137 + -34)) + -19?
-128
What is the value of -6 + (-2 - (-6 + -5)) + -10 + (-2 - 42)?
-51
Calculate 14 + (-24 - 58) + 108.
40
Evaluate 4 - (-13 - 21 - (-28 + 12)).
22
122 + 49 + (-154 - -64)
81
Calculate 10 + -10 + (11 + -24 - -14) + 11 + -2.
10
What is 4 + -14 + (-12 - -9) + 5 + 5 + -4?
-7
What is the value of 2 - (-22 + -20 + 21 - -1)?
22
What is -12 + 1 + (-199 - -400) + -145?
45
Evaluate (9 - (-23 - -26) - 36) + -16.
-46
Calculate (-13 + -13 - -10) + 6 + (16 - -1) + 15.
22
-22 + -1 + -1 + (-128 - (-46 + -95))
-11
What is 8 + (12 - 2) + (-5 - 19) + 8 + -3?
-1
What is 14 + (25 + 2 - 33) + 28?
36
What is 14 + (-14 - (-62 - (-12 - 2 - -7)))?
55
What is the value of -148 - -19 - -74 - -7?
-48
What is -17 + (61 - 37) + 65 + -4?
68
What is (-28 + 7 - 2) + -145 + 168?
0
What is the value of 12 - (42 + -1 - (-147 - -150))?
-26
Evaluate -21 + 49 + (3 - 5 - 19).
7
What is -615 - -666 - (6 + -24)?
69
What is the value of 18 - 9 - -2 - (30 - -50)?
-69
What is the value of 29 + 113 + -56 + -136?
-50
102 - (16 - (-13 + -2)) - 12
59
What is the value of -59 + 67 - (1 + ((4 - 7) + 5 - 3))?
8
Evaluate 4 + 45 + 15 + (49 - 33).
80
Calculate -1 - (1 + 4) - (-1002 + 936).
60
What is the value of (-23 - -86) + (-12 + 11 - 3 - 7)?
52
Calculate -2 + (-128 - (-22 - 18)).
-90
Calculate 0 + -21 - (-1 + 1 + 1) - (1244 + -1237).
-29
-4 - (-13 + 3 + (-38 + 49 - (1 + 112)))
108
Calculate (-108 - 0) + 2587 + -2386.
93
(8 + -18 - 8) + 15 - 18
-21
Evaluate -5 + -8 + -12 + 34 + 12.
21
Evaluate 47 + 27 + (-1 - 3) - (59 - 73).
84
What is 66 - ((7 - (-1 - -2)) + -143 + 137)?
66
-24 + (-5 - -52) - (2 - 7 - 4)
32
Evaluate -839 - -935 - (83 - 4).
17
Calculate 47 - ((79 - 89) + 29).
28
What is -2634 + 2655 + 19 + 1?
41
Calculate 24 - ((-13 - (-12 - -21)) + (68 - 92)).
70
Calculate 1 - 18 - (2309 + -2282).
-44
What is -35 + (-130 - -89) - -7?
-69
Evaluate -53 - (-18 + -8 + 27 + 5).
-59
-38 + 62 - (13 - -78 - -12)
-79
15 + (24 - (51 + 9))
-21
Calculate -38 - (59 - (208 + -33)).
78
Evaluate 2 - (-6 + -6 + 9 + 22).
-17
Calculate 15 + 0 + (-18 - (6 - 28)) + -12.
7
Evaluate -4 + -12 + 20 + -48 + -26 + 35.
-35
What is 1 + -1 + -53 - (-4739 - -4715)?
-29
What is the value of (18 + 3 - (-33 - -47)) + 24?
31
What is the value of (-9 - -14) + (-3 - -4) + 59 + -26?
39
What is -36 - ((2 - (6 + -20)) + 5 + -10)?
-47
What is the value of (-7 - (35 - 30)) + -11 + -19?
-42
-12 - (-2 + (-12 - -20) + -1 - 20)
3
What is (1 - (-3 + 13)) + 7 + 8 + (-9 - 9)?
-12
(27 - 3) + (-12 - (19 + -37))
30
-75 + 89 - 118 - (-1 - 20)
-83
What is the value of (-11 - 2 - (-5 + 5)) + (1398 - 1376)?
9
What is (1 - (1 + -14 - (-25 - 6 - -34))) + 11?
28
What is -488 + 556 - (4 - -2)?
62
Calculate (-14881 - -14958) + (-13 - (2 - 4)).
66
What is the value of 0 + -3 + (-4 - -22) + 4?
19
